 30, 2*y = 5*u - 93. What is the remainder when u is divided by o?
2
Suppose 3*w - 11 = -2. Let i(g) = -g**3 - 5*g**2 - 4*g + 4. Let c = -1 - 3. Calculate the remainder when i(c) is divided by w.
1
Calculate the remainder when 7/4*24/6 is divided by 2.
1
Let p = 344 - 238. Calculate the remainder when p is divided by 22.
18
Suppose 10 = -4*l + 2*l + s, 0 = -4*l - 5*s - 6. Let m = -32 - -29. Calculate the remainder when 34 is divided by 3 + (m - l)*9.
10
Let g(m) = -2*m + 2. Suppose w - q + 7 = 1, -24 = 2*w - 5*q. What is the remainder when 1/(59/29 + w) is divided by g(-7)?
13
Suppose 0 = -5*k + 36 + 29. Let b be (-690)/(-14) - 2/7. Suppose 3*h = m + 72, 0 = -2*h + 4*h - m - b. Calculate the remainder when h is divided by k.
10
Let h = 113 + -67. Let q(a) = a + 10. Calculate the remainder when h is divided by q(6).
14
Let o(i) = -i. Let t be o(-2). Suppose 5*b + 3*z - 2 = t, -5*z = -5*b + 20. Suppose b*w - 6*w = -68. What is the remainder when 49 is divided by w?
15
Let v be 2 - 0 - (-1 + 3). Suppose v = -2*f + 14. Calculate the remainder when 7/(f/24) + 2 is divided by 7.
5
Suppose 4*q - 32 = -4*u, 5*q = -0*q - 4*u + 36. Let a = 15 + q. Suppose 0 = -24*w + 26*w - 20. Calculate the remainder when a is divided by w.
9
Suppose -4*a = j + 2*j - 84, -5*a = -j - 105. What is the remainder when 81 is divided by a?
18
Suppose -76 = -3*u - 5*w, 2*u - 42 = 5*w - 4*w. What is the remainder when u is divided by 8?
6
Suppose 2*p - 2*i - 32 = 0, -3*p - p - 5*i = -37. Suppose -3 = -4*k + p. What is the remainder when 5 is divided by k?
1
Suppose 5*w - 2423 = -4*a + 3236, -4*w + 4*a = -4556. Suppose 2*g = 16 + 2. What is the remainder when (-2)/g - w/(-45) is divided by 13?
12
Let b(g) = g**3 + 7*g**2 - 2*g + 3. Let p(i) = 7*i + 8. Calculate the remainder when p(6) is divided by b(-7).
16
Suppose -2*c - 28 = -50. Let i(h) be the first derivative of h**4/4 - 2*h**3/3 - h**2/2 + 2*h - 1. Calculate the remainder when i(4) is divided by c.
8
Let o be (-2 - (1 + -2)) + 1. Suppose 0 = 7*d - 6*d. Suppose -k + 2 + o = d. Calculate the remainder when 4 is divided by k.
0
Calculate the remainder when ((-2)/(-1))/(36/738) is divided by 14.
13
Suppose 0 = -5*b + 181 - 16. Suppose f + b = 4*f. Calculate the remainder when f is divided by 6.
5
Let a = -27 + 42. Suppose 0 = 2*l + l - a. Calculate the remainder when 9 is divided by l.
4
Let w(x) = x**2 + 10*x + 13. Let t = 9 + -4. Calculate the remainder when w(-10) is divided by t.
3
Let s be ((-6)/(-4))/(3/4). Suppose -95 = 2*z - 7*z - 3*a, -s*a + 10 = 0. Calculate the remainder when 29 is divided by z.
13
Let r(n) = -5*n**2 - 3*n - 11. Let q(v) = -2*v**2 - 2*v - 5. Let c(z) = -7*q(z) + 3*r(z). What is the remainder when 6/(2 + 1 - (-1 - -2)) is divided by c(5)?
1
What is the remainder when 20/30*45/2 is divided by 4?
3
Let u be 46 - ((-2)/2 - -3). Suppose 5*w = -3*s + 36 - 13, u = 4*s + 4*w. Calculate the remainder when 30 is divided by s.
14
Let x(z) = 11*z + 5. Let q be x(4). Let u = q + -12. Suppose 51 = 4*m - u. What is the remainder when m is divided by 12?
10
Let u(x) = 3 - 6 - x**3 - 5*x + x - 2*x - 6*x**2. What is the remainder when 2 is divided by u(-5)?
0
Let w(g) = -g**3 - 7*g**2 - 6*g + 6. Let s be w(-6). Suppose -3*a - 4*q = -9, 3*a = 5*a + 4*q - s. What is the remainder when 3 is divided by a?
0
Let s = 18 + -31. Calculate the remainder when 50 is divided by s/(-2*3/6).
11
Suppose -2*s + 2*b = -144, s + 0*s + 4*b - 67 = 0. What is the remainder when s is divided by 18?
17
Let n = -30 - -53. Suppose -5*j + 22 = -n. Calculate the remainder when j is divided by 4.
1
Suppose -5*m + 5 = -4*m. Let g(s) = 2*s**3 - 9*s**2 - 8. What is the remainder when g(5) is divided by m?
2
Let i(s) = s - 6. Let t(z) = -6*z + 30. Let g(x) = -11*i(x) - 2*t(x). Calculate the remainder when 57 is divided by g(6).
9
Let m be 0 - 0 - (-5 + 5). Suppose m - 4 = -2*i. Suppose -3*t + f = -13, -t + i*f + 6 = 5. What is the remainder when 9 is divided by t?
4
Suppose -3*z + 2*x = -300, 4*z - x - x = 398. Calculate the remainder when z is divided by 33.
32
Suppose 27 = -3*l - 5*y, l - y - 2 + 11 = 0. Let d = 15 + l. Calculate the remainder when 23 is divided by d.
5
Let a(o) = o**3 + o**2 + o - 32. Let c be a(0). Let n = c - -47. Calculate the remainder when 29 is divided by n.
14
Let q = -7 + 11. Suppose q*p + 15 = 39. Suppose -24*x + 29*x = 55. Calculate the remainder when x is divided by p.
5
Suppose -3*s = -6*s + 84. Calculate the remainder when 111 is divided by s.
27
Suppose 5*i + 2*a = a + 5, -18 = i + 4*a. Calculate the remainder when (-5 + i)/(-3)*43 is divided by 15.
13
Suppose -2*t = 35 + 59. Let d = 97 + t. What is the remainder when d is divided by 13?
11
Suppose -4*r = r - 25. Suppose 3*v - r*v = -84. What is the remainder when v is divided by 22?
20
Suppose 2*b - t = 16, 4*b + 2*t + 2 = 3*b. What is the remainder when 7 is divided by b?
1
Suppose 0 = 5*g - 136 - 59. Suppose 3*u = 6*u - g. Suppose f - 8 = u. Calculate the remainder when 61 is divided by f.
19
Let l = -26 - -45. Let s be (0 + 33/3)/(-1). Let p = s + l. What is the remainder when 15 is divided by p?
7
Suppose 0 = 4*a - 98 - 54. Calculate the remainder when 149 is divided by a.
35
Let r be -33*1 - (0 + 0). Let o = 46 + r. Calculate the remainder when 554/22 - 4/22 is divided by o.
12
Let a(m) = -2*m - 3. Let c be a(6). Let o = 11 - c. Suppose -5*v + 2 = -2*s - 0*v, 4*s - o = -5*v. What is the remainder when 10 is divided by s?
2
Let t = 12 + -7. Suppose 27 - 82 = -t*j. Let o(r) = 2*r**2. Calculate the remainder when o(-4) is divided by j.
10
Suppose 2*p = -0*p. Suppose 2*y - 41 - 17 = p. What is the remainder when y is divided by 16?
13
Let y = -18 - -28. Calculate the remainder when 19 is divided by y - 6*(-2)/(-4).
5
Let l be (9 - 7)*(-3)/(-2). Let c = 37 - 21. What is the remainder when c is divided by (-2 - 1)/(l/(-6))?
4
Let a = 3 - -9. Calculate the remainder when a is divided by 7.
5
Suppose -5*q + 114 = 4. Let g(b) be the first derivative of -b**4/4 - 2*b**3 - b**2/2 + 1. What is the remainder when q is divided by g(-6)?
4
Let p = 8 + 1. Suppose -2*f + 6 = l, 4*l = 9 - 25. Suppose -f*n + 25 = -0*n. Calculate the remainder when p is divided by n.
4
Suppose 0*c - 4*l = 3*c - 16, c - 17 = l. Calculate the remainder when 20 is divided by c.
8
Let v(c) = 2*c**2 - 4*c + 2. Suppose 0*f - 2*f + 6 = 0. Let t be v(f). Calculate the remainder when 74 is divided by -2*1 - (t + -29).
17
Suppose 2*z - x + 0*x - 53 = 0, -3*z + 3*x = -81. What is the remainder when 75 is divided by z?
23
Suppose 40 = 5*z - 2*z - 4*b, -2*b - 16 = -z. Calculate the remainder when 13 is divided by z.
5
Suppose -8*p + 5*p = 0. Suppose 4*r - 5*g - 68 + 24 = 0, 2*r - 3*g = 20. What is the remainder when r is divided by 5 + p + 3/3?
4
Calculate the remainder when 175 + 3 + -5 + 4 is divided by 30.
27
Suppose -2*z = z - 54. Calculate the remainder when z is divided by 10.
8
Suppose 2*p + 3*p = -3*n + 62, -2*n = p - 11. Calculate the remainder when 46 is divided by p.
7
Let x = 24 + -21. Let l = 4 + 0. Calculate the remainder when l is divided by x.
1
Let i(o) = -o**2 - 10*o - 10. What is the remainder when i(-7) is divided by 3?
2
Let u be (30/(-4))/((-3)/32). Suppose -a = -5*a + u. Let f = 5 + 6. What is the remainder when a is divided by f?
9
Suppose 0 = 3*r - 135 - 252. What is the remainder when r is divided by 26?
25
Let z(o) = 7*o**3 - 2*o**2 - 3*o + 2. Let w = 18 + -39. Let h = 2 - w. Calculate the remainder when z(2) is divided by h.
21
Suppose 0 = 4*c + m - 25, 5*m - 10 = -4*c + 7*c. Calculate the remainder when 14 is divided by c.
4
Let m be (4 - (-100)/4) + -4. Let b = -5 + m. What is the remainder when b is divided by 11?
9
Suppose -5*c + 110 = 20. Calculate the remainder when 339 is divided by c.
15
Suppose 0 = -5*w + 10, 4*l - 3*l = 4*w + 3. Calculate the remainder when l is divided by 4.
3
Suppose -3*z = -326 - 16. What is the remainder when z is divided by (-4 + 6 + -3)*-29?
27
Suppose -g = -6*g + 45. Calculate the remainder when 87/g + 1/3 is divided by 4.
2
Let v = -16 - -16. Let a = v + 9. What is the remainder when a is divided by 5?
4
Let y(x) = -3 + 4 + x - 3 + 3. Let b be y(4). Suppose 115 = b*w - 0*w + 5*v, -w = 5*v - 35. What is the remainder when w is divided by 11